of 4486750?
True
Is 78753770 a multiple of 76?
False
Is 2199878 a multiple of 67?
True
Is 296 a factor of 3700153?
False
Does 51 divide 2845473?
False
Is 125 a factor of 846565766?
False
Does 22 divide 836444?
False
Is 14 a factor of 1717679033?
False
Is 146 a factor of 7008529?
False
Is 16498489 a multiple of 7?
True
Is 102 a factor of 20460662?
False
Is 8846187 a multiple of 32?
False
Is 300982392 a multiple of 36?
True
Is 15348888 a multiple of 1044?
True
Does 7 divide 427343357?
True
Does 16 divide 235142000?
True
Is 173 a factor of 23917531?
False
Does 922 divide 4573214044?
True
Is 108 a factor of 96524498?
False
Is 29 a factor of 20464744?
False
Is 46409202 a multiple of 21?
True
Is 80 a factor of 92823141?
False
Is 251682461 a multiple of 36?
False
Is 199404176 a multiple of 1185?
False
Does 892 divide 31898812?
True
Does 48 divide 1375490954?
False
Is 77 a factor of 14522072?
False
Is 140 a factor of 686629050?
False
Is 4194970 a multiple of 26?
True
Does 2 divide 51440938?
True
Is 42393985 even?
False
Does 39 divide 42900468?
True
Is 3646795 a multiple of 52?
False
Does 538 divide 11200084?
True
Does 2769 divide 17256408?
True
Is 6306499 a multiple of 2?
False
Does 22 divide 2311144?
True
Does 7 divide 5393524?
False
Does 112 divide 10115751?
False
Is 3996 a factor of 3324943728?
True
Is 1419391050 a multiple of 154?
True
Is 19317370 a multiple of 193?
True
Does 15 divide 61666?
False
Is 32379522 a multiple of 759?
False
Is 53128199 a multiple of 30?
False
Is 41 a factor of 1519621941?
False
Is 809 a factor of 42863247?
True
Is 5622514 a multiple of 4?
False
Does 3034 divide 399705228?
True
Does 8 divide 34345832?
True
Does 243 divide 1051103423?
False
Does 7 divide 199972205?
False
Does 56 divide 308404206?
False
Does 14 divide 636664?
True
Is 33 a factor of 11071668?
False
Is 3 a factor of 303032252?
False
Is 4 a factor of 25785104?
True
Is 36 a factor of 28003356?
True
Is 766 a factor of 432198648?
True
Is 46 a factor of 974216382?
True
Is 40 a factor of 1040360?
True
Is 13 a factor of 129869454?
True
Does 735 divide 12413610?
False
Is 24015210 a multiple of 2016?
False
Is 2 a factor of 10659518?
True
Does 28 divide 131771960?
False
Does 9 divide 45293742?
True
Is 2390960020 a multiple of 21?
False
Does 3 divide 9963103?
False
Is 133099298 a multiple of 166?
True
Is 1707528674 a multiple of 300?
False
Does 471 divide 10691700?
True
Does 100 divide 553418882?
False
Is 7354 a factor of 5929624577?
False
Does 5 divide 13216327?
False
Does 13023 divide 2633680359?
True
Is 112 a factor of 2975983?
False
Is 41 a factor of 73512550?
False
Is 660 a factor of 59352370?
False
Does 4451 divide 7172166348?
False
Is 10753870 a multiple of 1405?
True
Is 793143145 a multiple of 234?
False
Is 123 a factor of 48920052?
True
Does 3 divide 46053217?
False
Is 101372280 a multiple of 30?
True
Is 28602195 a multiple of 1414?
False
Is 8846 a factor of 2036557020?
False
Is 47416306 a multiple of 7?
True
Does 2476 divide 946628217?
False
Is 1068 a factor of 19188014?
False
Does 6 divide 47509108?
False
Does 2475 divide 1802882023?
False
Does 25 divide 762589532?
False
Does 9 divide 660393?
True
Is 764526710 a multiple of 853?
False
Does 2 divide 106148204?
True
Does 1113 divide 868894190?
False
Is 128287470 a multiple of 144?
False
Is 121 a factor of 7404353?
True
Does 3 divide 84068012?
False
Is 129 a factor of 1627655724?
False
Does 1359 divide 533659095?
False
Is 115984764 a multiple of 1029?
True
Does 6 divide 46859525?
False
Is 91053881 a multiple of 1814?
False
Is 1139 a factor of 144901302?
True
Does 172 divide 5498840?
True
Does 396 divide 531904824?
True
Is 50057216 a multiple of 704?
True
Does 2146 divide 101100904?
False
Is 53 a factor of 21088285?
False
Is 2207 a factor of 79202609?
True
Is 29 a factor of 95655038?
False
Is 25 a factor of 1735192065?
False
Is 3994278 a multiple of 24?
False
Is 13 a factor of 21605272?
True
Does 10 divide 801541726?
False
Does 8 divide 1480585896?
True
Is 442323810 a multiple of 22?
False
Does 37 divide 358162479?
True
Is 22 a factor of 1506890?
True
Does 17 divide 9044522?
False
Is 31398336 a multiple of 48?
True
Does 800 divide 185991598?
False
Does 1926 divide 34596734?
False
Is 22555808 a multiple of 32?
True
Is 189 a factor of 1739397780?
False
Does 47 divide 43667089?
True
Is 4807388 a multiple of 244?
False
Is 53 a factor of 1950677773?
True
Does 2560 divide 1830126900?
False
Is 27 a factor of 2058767145?
True
Is 1883 a factor of 40177571?
True
Is 249 a factor of 46289847?
True
Does 1804 divide 213168134?
False
Is 43030631 a multiple of 22?
False
Is 6 a factor of 125426368?
False
Is 30729788 a multiple of 73?
True
Does 6 divide 364769378?
False
Is 19723236 a multiple of 52?
True
Does 4148 divide 2882860?
True
Does 46 divide 466177036?
False
Does 121 divide 1596353?
True
Is 1595296857 a multiple of 721?
True
Does 25 divide 1821950?
True
Does 8 divide 7801312?
True
Does 7 divide 32045764?
False
Is 200 a factor of 2393360400?
True
Does 1981 divide 60500902?
False
Is 768692880 a multiple of 6308?
True
Is 119409204 a multiple of 847?
False
Does 16 divide 130287371?
False
Does 9 divide 43137498?
False
Is 14 a factor of 433872197?
False
Is 215 a factor of 496800930?
True
Is 413 a factor of 8618191?
False
Is 2931 a factor of 49428414?
False
Is 120 a factor of 85472246?
False
Does 29 divide 197216862?
False
Is 45351630 a multiple of 621?
True
Does 713 divide 53288194?
True
Does 1840 divide 882493440?
True
Is 339484085 a multiple of 5867?
False
Is 22 a factor of 2271016?
True
Does 385 divide 396705943?
False
Is 1596 a factor of 117548592?
True
Does 1988 divide 5367192?
False
Is 44 a factor of 164707467?
False
Is 93 a factor of 142562678?
False
Does 247 divide 115791825?
False
Is 42 a factor of 63826235?
False
Is 44161320 a multiple of 1064?
True
Is 50 a factor of 34768750?
True
Is 57 a factor of 1895758421?
False
Does 389 divide 827346731?
False
Is 24 a factor of 72888263?
False
Is 2460 a factor of 29286300?
True
Is 388791129 a multiple of 134?
False
Is 198574630 a multiple of 10?
True
Is 7864965 a multiple of 45?
True
Does 200 divide 312663096?
False
Does 4879 divide 4683840?
True
Does 2177 divide 455382683?
True
Is 161419600 a multiple of 46?
False
Is 72 a factor of 680563684?
False
Does 23 divide 116798038?
False
Is 63 a factor of 47227466?
False
Is 330394351 a multiple of 17?
False
Is 12184821 a multiple of 603?
True
Is 2491 a factor of 131342957?
True
Is 26 a factor of 103449502?
True
Does 4 divide 6244332?
True
Is 4886893338 a multiple of 141?
True
Does 18 divide 107153760?
False
Does 67 divide 17207677?
True
Is 279952 a multiple of 16?
True
Is 2156940 a multiple of 115?
True
Is 23 a factor of 60945557?
False
Is 554861890 a multiple of 46?
True
Is 1134092850 a multiple of 110?
True
Is 153842874 a multiple of 10?
False
Does 14 divide 389570151?
False
Is 142 a factor of 2220102804?
False
Is 46001479 a multiple of 4998?
False
Does 28 divide 605471608?
True
Is 19 a factor of 17323757?
False
Is 577 a factor of 58676861?
True
Is 4004 a factor of 1060961115?
False
Is 239 a factor of 147721598?
True
Is 144 a factor of 65642256?
True
Is 1493 a factor of 43812085?
True
Is 215669142 a multiple of 13?
True
Does 11 divide 369189819?
False
Does 639 divide 12147390?
True
Is 1679471426 a multiple of 665?
False
Is 54007190 a multiple of 386?
True
Does 5 divide 118111952?
False
Is 57761383 a multiple of 588?
False
Is 10 a factor of 783980050?
True
Is 40485765 a multiple of 79?
False
Is 31261784 a multiple of 2047?
True
Is 2076 a factor of 4474141?
False
Is 1068990 even?
True
Does 2 divide 1334514?
True
Is 27665182 a multiple of 134?
False
Is 31321584 a multiple of 98?
True
Is 2753412 a multiple of 11?
False
Is 3184 a factor of 842384512?
True
Is 123975089 even?
False
Is 38 a factor of 10166830?
False
Is 2522 a factor of 267036926?
True
Is 11807974 a multiple of 71?
False
Is 316372091 a multiple of 967?
False
Does 39 divide 107672682?
True
Does 3 divide 704364801?
True
Does 50 divide 733083191?
False
Is 18407934 a multiple of 1000?
False
Is 31 a factor of 792662808?
True
Is 59643776 a multiple of 2?
True
Does 369 divide 699630273?
True
Does 8 divide 682808?
True
Is 128 a factor of 183552432?
False
Is 116216296 a multiple 